{"id":286,"date":"2022-07-04T13:15:51","date_gmt":"2022-07-04T12:15:51","guid":{"rendered":"https:\/\/jfreguesiavimeiro.pt\/?page_id=286"},"modified":"2022-07-04T14:04:59","modified_gmt":"2022-07-04T13:04:59","slug":"politica-de-privacidade","status":"publish","type":"page","link":"https:\/\/jfreguesiavimeiro.pt\/?page_id=286","title":{"rendered":"Pol\u00edtica de Privacidade"},"content":{"rendered":"\n<h2 class=\"has-text-align-center wp-block-heading\">Pol\u00edtica de Privacidade da Junta de Freguesia do Vimeiro<\/h2>\n\n\n\n<hr class=\"wp-block-separator has-alpha-channel-opacity\"\/>\n\n\n\n<h2 class=\"wp-block-heading\">Porqu\u00ea esta pol\u00edtica de privacidade?<\/h2>\n\n\n\n<p>Nesta pol\u00edtica pretende-se dar a conhecer aos Utilizadores as regras gerais de tratamento de dados pessoais, os quais s\u00e3o recolhidos e tratados no estrito respeito e cumprimento do disposto na legisla\u00e7\u00e3o de prote\u00e7\u00e3o de dados, nomeadamente no Regulamento (UE) 2016\/679 do Parlamento Europeu e do Conselho, de 27 de abril de 2016, denominado de RGPD.<\/p>\n\n\n\n<h2 class=\"wp-block-heading\">O que abrange esta pol\u00edtica de privacidade?<\/h2>\n\n\n\n<p>Esta pol\u00edtica de privacidade aplica-se exclusivamente \u00e0 recolha e tratamento de dados pessoais relativamente aos quais a Junta de Freguesia do Vimeiro \u00e9 respons\u00e1vel pelo respetivo tratamento, nomeadamente pelo pelo formul\u00e1rio de contacto disponibilidade no site www.jfreguesiavimeiro.pt.<\/p>\n\n\n\n<p>Neste website poder\u00e1o estar inclu\u00eddos links de acesso a outros websites que s\u00e3o alheios \u00e0 Junta de Freguesia do Vimeiro. A disponibiliza\u00e7\u00e3o de tais links \u00e9 efetuada de boa-f\u00e9, n\u00e3o podendo a Junta de Freguesia do Vimeiro ser responsabilizada pela recolha e tratamento de dados pessoais efetuados atrav\u00e9s desses websites, nem assumindo a Junta de Freguesia do Vimeiro qualquer responsabilidade relativamente a tais websites, nomeadamente quanto \u00e0 respetiva exatid\u00e3o, credibilidade e funcionalidades disponibilizadas nos mesmos.<\/p>\n\n\n\n<h2 class=\"wp-block-heading\">O que s\u00e3o dados pessoais?<\/h2>\n\n\n\n<p>Dados pessoais s\u00e3o qualquer informa\u00e7\u00e3o, de qualquer natureza e independentemente do respetivo suporte, relativa a uma pessoa singular identificada ou identific\u00e1vel.<\/p>\n\n\n\n<p>\u00c9 considerada identific\u00e1vel a pessoa singular que possa ser identificada, direta ou indiretamente, designadamente por refer\u00eancia a um nome, n\u00famero de identifica\u00e7\u00e3o, dados de localiza\u00e7\u00e3o, identificadores por via eletr\u00f3nica ou a um ou mais elementos espec\u00edficos da sua identidade f\u00edsica, fisiol\u00f3gica, gen\u00e9tica, mental, econ\u00f3mica, cultural ou social.<\/p>\n\n\n\n<h2 class=\"wp-block-heading\">Em que consiste o tratamento de dados pessoais?<\/h2>\n\n\n\n<p>O tratamento de dados pessoais consiste numa opera\u00e7\u00e3o ou conjunto de opera\u00e7\u00f5es efetuadas sobre dados pessoais ou conjuntos de dados pessoais, atrav\u00e9s de meios automatizados, ou n\u00e3o, nomeadamente a recolha, o registo, a organiza\u00e7\u00e3o, a estrutura\u00e7\u00e3o, a conserva\u00e7\u00e3o, a adapta\u00e7\u00e3o, a recupera\u00e7\u00e3o, a consulta, a utiliza\u00e7\u00e3o, a divulga\u00e7\u00e3o, difus\u00e3o, compara\u00e7\u00e3o, interconex\u00e3o, a limita\u00e7\u00e3o, o apagamento ou a destrui\u00e7\u00e3o.<\/p>\n\n\n\n<h2 class=\"wp-block-heading\">Quem \u00e9 o respons\u00e1vel pelo tratamento de dados pessoais?<\/h2>\n\n\n\n<p>A entidade respons\u00e1vel pelo tratamento dos dados pessoais \u00e9 a Junta de Freguesia do Vimeiro.<\/p>\n\n\n\n<h2 class=\"wp-block-heading\">Quais os tipos de dados pessoais tratados?<\/h2>\n\n\n\n<p>A Junta de Freguesia do Vimeiro, no \u00e2mbito dos pedidos de contacto que recebe atrav\u00e9s do formul\u00e1rio disponibilizado no website, procede ao tratamento dos dados pessoais nele submetido e que inclui dados como o nome, o endere\u00e7o de correio eletr\u00f3nico e outros que possam ser enviados pelo utilizador.<\/p>\n\n\n\n<p>Caso exista consentimento pr\u00e9vio do utilizador, este poder\u00e1 ser retirado a qualquer momento, sem que, contudo, a licitude do tratamento efetuado com base no consentimento previamente dado seja comprometida.<\/p>\n\n\n\n<h2 class=\"wp-block-heading\">Quem s\u00e3o os destinat\u00e1rios dos dados pessoais?<\/h2>\n\n\n\n<p>Sem preju\u00edzo dos destinat\u00e1rios indicados ao longo desta politica de privacidade, a Junta de Freguesia do Vimeiro poder\u00e1 comunicar os dados pessoais do utilizador, com a finalidade do cumprimento de obriga\u00e7\u00f5es legais nomeadamente a entidades policiais, judiciais, fiscais e reguladoras.<\/p>\n\n\n\n<h2 class=\"wp-block-heading\">Quais as finalidades do tratamento de dados pessoais e respetivos fundamentos jur\u00eddicos?<\/h2>\n\n\n\n<p>Em geral, os dados pessoais recolhidos t\u00eam como fundamento e destinam-se a dar resposta aos pedidos de contacto por parte dos utilizadores e submetidos atrav\u00e9s do formul\u00e1rio disponibilizado no website.<\/p>\n\n\n\n<p>Adicionalmente, os dados pessoais poder\u00e3o, ainda, ser tratados para efeitos de cumprimento de obriga\u00e7\u00f5es legais e para fins de investiga\u00e7\u00e3o, dete\u00e7\u00e3o e repress\u00e3o de crimes graves.<\/p>\n\n\n\n<h2 class=\"wp-block-heading\">Durante quanto tempo s\u00e3o conservados os seus dados pessoais?<\/h2>\n\n\n\n<p>O per\u00edodo de tempo durante o qual os dados pessoais s\u00e3o armazenados e conservados varia de acordo com a finalidade para a qual a informa\u00e7\u00e3o \u00e9 tratada.<\/p>\n\n\n\n<p>Efetivamente, existem requisitos legais que obrigam a conservar os dados por um per\u00edodo de tempo m\u00ednimo. Assim, e sempre que n\u00e3o exista uma exig\u00eancia legal espec\u00edfica, os dados ser\u00e3o armazenados e conservados apenas pelo per\u00edodo m\u00ednimo necess\u00e1rio para a prossecu\u00e7\u00e3o das finalidades que motivaram a sua recolha ou o seu posterior tratamento, nos termos definidos na lei.<\/p>\n\n\n\n<h2 class=\"wp-block-heading\">Quais os seus direitos enquanto titular dos dados pessoais?<\/h2>\n\n\n\n<p>Enquanto titulares dos dados pessoais, \u00e9 garantido aos utilizadores, a qualquer momento, o direito de acesso, retifica\u00e7\u00e3o, atualiza\u00e7\u00e3o, limita\u00e7\u00e3o e apagamento dos seus dados pessoais (salvo quanto aos dados que s\u00e3o indispens\u00e1veis \u00e0 presta\u00e7\u00e3o dos servi\u00e7os pela Junta de Freguesia do Vimeiro ou ao cumprimento de obriga\u00e7\u00f5es legais a que o respons\u00e1vel pelo tratamento esteja sujeito), o direito de oposi\u00e7\u00e3o \u00e0 utiliza\u00e7\u00e3o dos mesmos para fins comerciais pela Junta de Freguesia do Vimeiro e \u00e0 retirada do consentimento, sem que tal comprometa a licitude do tratamento efetuado ao abrigo desse consentimento, bem como o direito \u00e0 portabilidade dos dados.<\/p>\n\n\n\n<h2 class=\"wp-block-heading\">Como poder\u00e1 aceder, retificar, atualizar, limitar, apagar, opor-se ao tratamento dos seus dados pessoais, ou remover o consentimento?<\/h2>\n\n\n\n<p>Sem preju\u00edzo do disposto no RGPD, o titular dos dados pessoais poder\u00e1 faz\u00ea-lo, diretamente ou mediante pedido por escrito, dirigido ao respetivo Respons\u00e1vel pelo tratamento, atrav\u00e9s dos contactos disponibilizados para o efeito no presente documento, bem como demais contactos disponibilizados pela Junta de Freguesia do Vimeiro.<\/p>\n\n\n\n<h2 class=\"wp-block-heading\">Quais as medidas adotadas para assegurar a seguran\u00e7a dos seus dados pessoais?<\/h2>\n\n\n\n<p>A Junta de Freguesia do Vimeiro adotou medidas de seguran\u00e7a, de car\u00e1cter t\u00e9cnico e organizativo, de forma a proteger os dados pessoais recolhidos contra a sua difus\u00e3o, perda, uso indevido, altera\u00e7\u00e3o, tratamento ou acesso n\u00e3o autorizado, bem como contra qualquer outra forma de tratamento il\u00edcito.<\/p>\n\n\n\n<p>O formul\u00e1rios de contacto obriga a sess\u00f5es encriptadas do Browser e todos os dados pessoais cedidos ficam armazenados de forma segura nos servidores da Junta de Freguesia do Vimeiro.<\/p>\n\n\n\n<p>N\u00e3o obstante as medidas de seguran\u00e7a adotadas pela Junta de Freguesia do Vimeiro, a Junta de Freguesia do Vimeiro alerta a todos os que navegam na Internet que devem adotar medidas adicionais de seguran\u00e7a, designadamente, assegurar que utilizam um Computador e um Browser atualizados em termos de \u201cpatches\u201d de seguran\u00e7a e adequadamente configurados, com firewall ativa, antiv\u00edrus e anti-spyware e que se certifiquem da autenticidade dos websites que visitam na internet, devendo evitar websites em cuja reputa\u00e7\u00e3o n\u00e3o confiem.<\/p>\n\n\n\n<h2 class=\"wp-block-heading\">Cookies<\/h2>\n\n\n\n<p>Todas as informa\u00e7\u00f5es relativas \u00e0 Pol\u00edtica de Cookies pode ser consultada\u00a0<a href=\"\/?page_id=304\">aqui<\/a>.<\/p>\n","protected":false},"excerpt":{"rendered":"<p>Pol\u00edtica de Privacidade da Junta de Freguesia do Vimeiro Porqu\u00ea esta pol\u00edtica de privacidade? Nesta pol\u00edtica pretende-se dar a conhecer aos Utilizadores as regras gerais de tratamento de dados pessoais, os quais s\u00e3o recolhidos e tratados no estrito respeito e cumprimento do disposto na legisla\u00e7\u00e3o de prote\u00e7\u00e3o de dados, nomeadamente no Regulamento (UE) 2016\/679 do [&hellip;]<\/p>\n","protected":false},"author":2,"featured_media":0,"parent":0,"menu_order":0,"comment_status":"closed","ping_status":"closed","template":"","meta":{"footnotes":""},"class_list":["post-286","page","type-page","status-publish","hentry"],"_links":{"self":[{"href":"https:\/\/jfreguesiavimeiro.pt\/index.php?rest_route=\/wp\/v2\/pages\/286","targetHints":{"allow":["GET"]}}],"collection":[{"href":"https:\/\/jfreguesiavimeiro.pt\/index.php?rest_route=\/wp\/v2\/pages"}],"about":[{"href":"https:\/\/jfreguesiavimeiro.pt\/index.php?rest_route=\/wp\/v2\/types\/page"}],"author":[{"embeddable":true,"href":"https:\/\/jfreguesiavimeiro.pt\/index.php?rest_route=\/wp\/v2\/users\/2"}],"replies":[{"embeddable":true,"href":"https:\/\/jfreguesiavimeiro.pt\/index.php?rest_route=%2Fwp%2Fv2%2Fcomments&post=286"}],"version-history":[{"count":6,"href":"https:\/\/jfreguesiavimeiro.pt\/index.php?rest_route=\/wp\/v2\/pages\/286\/revisions"}],"predecessor-version":[{"id":313,"href":"https:\/\/jfreguesiavimeiro.pt\/index.php?rest_route=\/wp\/v2\/pages\/286\/revisions\/313"}],"wp:attachment":[{"href":"https:\/\/jfreguesiavimeiro.pt\/index.php?rest_route=%2Fwp%2Fv2%2Fmedia&parent=286"}],"curies":[{"name":"wp","href":"https:\/\/api.w.org\/{rel}","templated":true}]}}

Política de Privacidade

<h2 class="has-text-align-center wp-block-heading">Política de Privacidade da Junta de Freguesia do Vimeiro</h2>



<hr class="wp-block-separator has-alpha-channel-opacity"/>



<h2 class="wp-block-heading">Porquê esta política de privacidade?</h2>



<p>Nesta política pretende-se dar a conhecer aos Utilizadores as regras gerais de tratamento de dados pessoais, os quais são recolhidos e tratados no estrito respeito e cumprimento do disposto na legislação de proteção de dados, nomeadamente no Regulamento (UE) 2016/679 do Parlamento Europeu e do Conselho, de 27 de abril de 2016, denominado de RGPD.</p>



<h2 class="wp-block-heading">O que abrange esta política de privacidade?</h2>



<p>Esta política de privacidade aplica-se exclusivamente à recolha e tratamento de dados pessoais relativamente aos quais a Junta de Freguesia do Vimeiro é responsável pelo respetivo tratamento, nomeadamente pelo pelo formulário de contacto disponibilidade no site www.jfreguesiavimeiro.pt.</p>



<p>Neste website poderáo estar incluídos links de acesso a outros websites que são alheios à Junta de Freguesia do Vimeiro. A disponibilização de tais links é efetuada de boa-fé, não podendo a Junta de Freguesia do Vimeiro ser responsabilizada pela recolha e tratamento de dados pessoais efetuados através desses websites, nem assumindo a Junta de Freguesia do Vimeiro qualquer responsabilidade relativamente a tais websites, nomeadamente quanto à respetiva exatidão, credibilidade e funcionalidades disponibilizadas nos mesmos.</p>



<h2 class="wp-block-heading">O que são dados pessoais?</h2>



<p>Dados pessoais são qualquer informação, de qualquer natureza e independentemente do respetivo suporte, relativa a uma pessoa singular identificada ou identificável.</p>



<p>É considerada identificável a pessoa singular que possa ser identificada, direta ou indiretamente, designadamente por referência a um nome, número de identificação, dados de localização, identificadores por via eletrónica ou a um ou mais elementos específicos da sua identidade física, fisiológica, genética, mental, económica, cultural ou social.</p>



<h2 class="wp-block-heading">Em que consiste o tratamento de dados pessoais?</h2>



<p>O tratamento de dados pessoais consiste numa operação ou conjunto de operações efetuadas sobre dados pessoais ou conjuntos de dados pessoais, através de meios automatizados, ou não, nomeadamente a recolha, o registo, a organização, a estruturação, a conservação, a adaptação, a recuperação, a consulta, a utilização, a divulgação, difusão, comparação, interconexão, a limitação, o apagamento ou a destruição.</p>



<h2 class="wp-block-heading">Quem é o responsável pelo tratamento de dados pessoais?</h2>



<p>A entidade responsável pelo tratamento dos dados pessoais é a Junta de Freguesia do Vimeiro.</p>



<h2 class="wp-block-heading">Quais os tipos de dados pessoais tratados?</h2>



<p>A Junta de Freguesia do Vimeiro, no âmbito dos pedidos de contacto que recebe através do formulário disponibilizado no website, procede ao tratamento dos dados pessoais nele submetido e que inclui dados como o nome, o endereço de correio eletrónico e outros que possam ser enviados pelo utilizador.</p>



<p>Caso exista consentimento prévio do utilizador, este poderá ser retirado a qualquer momento, sem que, contudo, a licitude do tratamento efetuado com base no consentimento previamente dado seja comprometida.</p>



<h2 class="wp-block-heading">Quem são os destinatários dos dados pessoais?</h2>



<p>Sem prejuízo dos destinatários indicados ao longo desta politica de privacidade, a Junta de Freguesia do Vimeiro poderá comunicar os dados pessoais do utilizador, com a finalidade do cumprimento de obrigações legais nomeadamente a entidades policiais, judiciais, fiscais e reguladoras.</p>



<h2 class="wp-block-heading">Quais as finalidades do tratamento de dados pessoais e respetivos fundamentos jurídicos?</h2>



<p>Em geral, os dados pessoais recolhidos têm como fundamento e destinam-se a dar resposta aos pedidos de contacto por parte dos utilizadores e submetidos através do formulário disponibilizado no website.</p>



<p>Adicionalmente, os dados pessoais poderão, ainda, ser tratados para efeitos de cumprimento de obrigações legais e para fins de investigação, deteção e repressão de crimes graves.</p>



<h2 class="wp-block-heading">Durante quanto tempo são conservados os seus dados pessoais?</h2>



<p>O período de tempo durante o qual os dados pessoais são armazenados e conservados varia de acordo com a finalidade para a qual a informação é tratada.</p>



<p>Efetivamente, existem requisitos legais que obrigam a conservar os dados por um período de tempo mínimo. Assim, e sempre que não exista uma exigência legal específica, os dados serão armazenados e conservados apenas pelo período mínimo necessário para a prossecução das finalidades que motivaram a sua recolha ou o seu posterior tratamento, nos termos definidos na lei.</p>



<h2 class="wp-block-heading">Quais os seus direitos enquanto titular dos dados pessoais?</h2>



<p>Enquanto titulares dos dados pessoais, é garantido aos utilizadores, a qualquer momento, o direito de acesso, retificação, atualização, limitação e apagamento dos seus dados pessoais (salvo quanto aos dados que são indispensáveis à prestação dos serviços pela Junta de Freguesia do Vimeiro ou ao cumprimento de obrigações legais a que o responsável pelo tratamento esteja sujeito), o direito de oposição à utilização dos mesmos para fins comerciais pela Junta de Freguesia do Vimeiro e à retirada do consentimento, sem que tal comprometa a licitude do tratamento efetuado ao abrigo desse consentimento, bem como o direito à portabilidade dos dados.</p>



<h2 class="wp-block-heading">Como poderá aceder, retificar, atualizar, limitar, apagar, opor-se ao tratamento dos seus dados pessoais, ou remover o consentimento?</h2>



<p>Sem prejuízo do disposto no RGPD, o titular dos dados pessoais poderá fazê-lo, diretamente ou mediante pedido por escrito, dirigido ao respetivo Responsável pelo tratamento, através dos contactos disponibilizados para o efeito no presente documento, bem como demais contactos disponibilizados pela Junta de Freguesia do Vimeiro.</p>



<h2 class="wp-block-heading">Quais as medidas adotadas para assegurar a segurança dos seus dados pessoais?</h2>



<p>A Junta de Freguesia do Vimeiro adotou medidas de segurança, de carácter técnico e organizativo, de forma a proteger os dados pessoais recolhidos contra a sua difusão, perda, uso indevido, alteração, tratamento ou acesso não autorizado, bem como contra qualquer outra forma de tratamento ilícito.</p>



<p>O formulários de contacto obriga a sessões encriptadas do Browser e todos os dados pessoais cedidos ficam armazenados de forma segura nos servidores da Junta de Freguesia do Vimeiro.</p>



<p>Não obstante as medidas de segurança adotadas pela Junta de Freguesia do Vimeiro, a Junta de Freguesia do Vimeiro alerta a todos os que navegam na Internet que devem adotar medidas adicionais de segurança, designadamente, assegurar que utilizam um Computador e um Browser atualizados em termos de “patches” de segurança e adequadamente configurados, com firewall ativa, antivírus e anti-spyware e que se certifiquem da autenticidade dos websites que visitam na internet, devendo evitar websites em cuja reputação não confiem.</p>



<h2 class="wp-block-heading">Cookies</h2>



<p>Todas as informações relativas à Política de Cookies pode ser consultada <a href="/?page_id=304">aqui</a>.</p>

<p>Política de Privacidade da Junta de Freguesia do Vimeiro Porquê esta política de privacidade? Nesta política pretende-se dar a conhecer aos Utilizadores as regras gerais de tratamento de dados pessoais, os quais são recolhidos e tratados no estrito respeito e cumprimento do disposto na legislação de proteção de dados, nomeadamente no Regulamento (UE) 2016/679 do [&hellip;]</p>
