{"id":25,"date":"2022-05-10T16:19:37","date_gmt":"2022-05-10T19:19:37","guid":{"rendered":"https:\/\/jfreguesiavimeiro.pt\/?page_id=25"},"modified":"2022-08-13T10:47:35","modified_gmt":"2022-08-13T09:47:35","slug":"freguesia","status":"publish","type":"page","link":"https:\/\/jfreguesiavimeiro.pt\/?page_id=25","title":{"rendered":"Freguesia"},"content":{"rendered":"\n<h2 class=\"has-text-align-center wp-block-heading\">Mensagem do Presidente<\/h2>\n\n\n\n<hr class=\"wp-block-separator has-alpha-channel-opacity\"\/>\n\n\n\n<div class=\"wp-block-columns is-layout-flex wp-container-core-columns-is-layout-9d6595d7 wp-block-columns-is-layout-flex\">\n<div class=\"wp-block-column is-layout-flow wp-block-column-is-layout-flow\">\n<figure class=\"wp-block-image size-full\"><img loading=\"lazy\" decoding=\"async\" width=\"1043\" height=\"968\" src=\"https:\/\/jfreguesiavimeiro.pt\/wp-content\/uploads\/2022\/08\/executivo.jpg\" alt=\"\" class=\"wp-image-369\"\/><\/figure>\n<\/div>\n\n\n\n<div class=\"wp-block-column is-layout-flow wp-block-column-is-layout-flow\">\n<p>No passado m\u00eas de outubro de 2021 abra\u00e7amos este desafio e iniciamos o nosso Mandato Aut\u00e1rquico para o quadri\u00e9nio 2021-2025.<\/p>\n\n\n\n<p>Entramos neste projeto conhecedores das realidades da nossa Freguesia e procuraremos trabalhar com empenho e dedica\u00e7\u00e3o para dar resposta aos seus problemas e \u00e0s necessidades da popula\u00e7\u00e3o, ainda que com todos os constrangimentos atuais que nos s\u00e3o impostos pela pandemia provocada pela COVID-19.<\/p>\n\n\n\n<p>Agradecemos a todos os fregueses a confian\u00e7a que em n\u00f3s depositaram e tudo faremos para corresponder \u00e0s expectativas.<\/p>\n\n\n\n<p>Estaremos ao Vosso lado para dialogar, colaborar e solucionar as quest\u00f5es que nos forem sendo apresentadas, em prol do Vimeiro e da melhoria da qualidade de vida na Freguesia.<\/p>\n\n\n\n<p>Contamos com todos V\u00f3s!<\/p>\n\n\n\n<p>O Executivo<\/p>\n<\/div>\n<\/div>\n\n\n\n<h2 class=\"has-text-align-center wp-block-heading\">Executivo<\/h2>\n\n\n\n<hr class=\"wp-block-separator has-alpha-channel-opacity\"\/>\n\n\n\n<div class=\"wp-block-columns is-layout-flex wp-container-core-columns-is-layout-9d6595d7 wp-block-columns-is-layout-flex\">\n<div class=\"wp-block-column is-layout-flow wp-block-column-is-layout-flow\">\n<p class=\"has-text-align-center\"><strong>Presidente<\/strong><\/p>\n\n\n\n<p class=\"has-text-align-center\">Pedro Pombo da Silva Domingos<\/p>\n\n\n\n<p class=\"has-text-align-center\"><a href=\"tel:913825008\">913 825 008<\/a><\/p>\n\n\n\n<p class=\"has-text-align-center\"><strong>Secret\u00e1ria<\/strong><\/p>\n\n\n\n<p class=\"has-text-align-center\">El\u00eda Sofia Louren\u00e7o do Couto<\/p>\n\n\n\n<p class=\"has-text-align-center\"><strong>Tesoureiro<\/strong> <\/p>\n\n\n\n<p class=\"has-text-align-center\">Maik Fraga Carvalho<\/p>\n<\/div>\n\n\n\n<div class=\"wp-block-column is-layout-flow wp-block-column-is-layout-flow\">\n<figure class=\"wp-block-image size-full\"><img loading=\"lazy\" decoding=\"async\" width=\"1920\" height=\"1440\" src=\"https:\/\/jfreguesiavimeiro.pt\/wp-content\/uploads\/2022\/07\/foto_orgaos-1.jpg\" alt=\"\" class=\"wp-image-199\"\/><\/figure>\n<\/div>\n<\/div>\n","protected":false},"excerpt":{"rendered":"<p>Mensagem do Presidente No passado m\u00eas de outubro de 2021 abra\u00e7amos este desafio e iniciamos o nosso Mandato Aut\u00e1rquico para o quadri\u00e9nio 2021-2025. Entramos neste projeto conhecedores das realidades da nossa Freguesia e procuraremos trabalhar com empenho e dedica\u00e7\u00e3o para dar resposta aos seus problemas e \u00e0s necessidades da popula\u00e7\u00e3o, ainda que com todos os [&hellip;]<\/p>\n","protected":false},"author":2,"featured_media":0,"parent":0,"menu_order":0,"comment_status":"closed","ping_status":"closed","template":"","meta":{"footnotes":""},"class_list":["post-25","page","type-page","status-publish","hentry"],"_links":{"self":[{"href":"https:\/\/jfreguesiavimeiro.pt\/index.php?rest_route=\/wp\/v2\/pages\/25","targetHints":{"allow":["GET"]}}],"collection":[{"href":"https:\/\/jfreguesiavimeiro.pt\/index.php?rest_route=\/wp\/v2\/pages"}],"about":[{"href":"https:\/\/jfreguesiavimeiro.pt\/index.php?rest_route=\/wp\/v2\/types\/page"}],"author":[{"embeddable":true,"href":"https:\/\/jfreguesiavimeiro.pt\/index.php?rest_route=\/wp\/v2\/users\/2"}],"replies":[{"embeddable":true,"href":"https:\/\/jfreguesiavimeiro.pt\/index.php?rest_route=%2Fwp%2Fv2%2Fcomments&post=25"}],"version-history":[{"count":29,"href":"https:\/\/jfreguesiavimeiro.pt\/index.php?rest_route=\/wp\/v2\/pages\/25\/revisions"}],"predecessor-version":[{"id":371,"href":"https:\/\/jfreguesiavimeiro.pt\/index.php?rest_route=\/wp\/v2\/pages\/25\/revisions\/371"}],"wp:attachment":[{"href":"https:\/\/jfreguesiavimeiro.pt\/index.php?rest_route=%2Fwp%2Fv2%2Fmedia&parent=25"}],"curies":[{"name":"wp","href":"https:\/\/api.w.org\/{rel}","templated":true}]}}

<h2 class="has-text-align-center wp-block-heading">Mensagem do Presidente</h2>



<hr class="wp-block-separator has-alpha-channel-opacity"/>



<div class="wp-block-columns is-layout-flex wp-container-core-columns-is-layout-9d6595d7 wp-block-columns-is-layout-flex">
<div class="wp-block-column is-layout-flow wp-block-column-is-layout-flow">
<figure class="wp-block-image size-full"><img loading="lazy" decoding="async" width="1043" height="968" src="https://jfreguesiavimeiro.pt/wp-content/uploads/2022/08/executivo.jpg" alt="" class="wp-image-369"/></figure>
</div>



<div class="wp-block-column is-layout-flow wp-block-column-is-layout-flow">
<p>No passado mês de outubro de 2021 abraçamos este desafio e iniciamos o nosso Mandato Autárquico para o quadriénio 2021-2025.</p>



<p>Entramos neste projeto conhecedores das realidades da nossa Freguesia e procuraremos trabalhar com empenho e dedicação para dar resposta aos seus problemas e às necessidades da população, ainda que com todos os constrangimentos atuais que nos são impostos pela pandemia provocada pela COVID-19.</p>



<p>Agradecemos a todos os fregueses a confiança que em nós depositaram e tudo faremos para corresponder às expectativas.</p>



<p>Estaremos ao Vosso lado para dialogar, colaborar e solucionar as questões que nos forem sendo apresentadas, em prol do Vimeiro e da melhoria da qualidade de vida na Freguesia.</p>



<p>Contamos com todos Vós!</p>



<p>O Executivo</p>
</div>
</div>



<h2 class="has-text-align-center wp-block-heading">Executivo</h2>



<hr class="wp-block-separator has-alpha-channel-opacity"/>



<div class="wp-block-columns is-layout-flex wp-container-core-columns-is-layout-9d6595d7 wp-block-columns-is-layout-flex">
<div class="wp-block-column is-layout-flow wp-block-column-is-layout-flow">
<p class="has-text-align-center"><strong>Presidente</strong></p>



<p class="has-text-align-center">Pedro Pombo da Silva Domingos</p>



<p class="has-text-align-center"><a href="tel:913825008">913 825 008</a></p>



<p class="has-text-align-center"><strong>Secretária</strong></p>



<p class="has-text-align-center">Elía Sofia Lourenço do Couto</p>



<p class="has-text-align-center"><strong>Tesoureiro</strong> </p>



<p class="has-text-align-center">Maik Fraga Carvalho</p>
</div>



<div class="wp-block-column is-layout-flow wp-block-column-is-layout-flow">
<figure class="wp-block-image size-full"><img loading="lazy" decoding="async" width="1920" height="1440" src="https://jfreguesiavimeiro.pt/wp-content/uploads/2022/07/foto_orgaos-1.jpg" alt="" class="wp-image-199"/></figure>
</div>
</div>

<p>Mensagem do Presidente No passado mês de outubro de 2021 abraçamos este desafio e iniciamos o nosso Mandato Autárquico para o quadriénio 2021-2025. Entramos neste projeto conhecedores das realidades da nossa Freguesia e procuraremos trabalhar com empenho e dedicação para dar resposta aos seus problemas e às necessidades da população, ainda que com todos os [&hellip;]</p>
